(-715)?
7
Let o(j) = j**2 - 31*j - 400. What is the remainder when 2757 is divided by o(41)?
7
Suppose 0 = 17*t - 69*t + 1768. Calculate the remainder when 141 is divided by t.
5
Let i = -8 + 10. Suppose -i*y = -7*y - 5*a + 125, -125 = -5*y - a. Calculate the remainder when (-572)/(-8) - 1/(-2) is divided by y.
22
Suppose 4*i + 5*c - 4*c = 33, -3*i = 2*c - 21. Suppose r = -2*s - i, 2*s - 37 = 3*r + 30. Let o = r - -25. What is the remainder when o is divided by 3?
0
Suppose 3*c = -119 + 17. Let u = -20 - c. Let z(m) = -2*m**3 + 11*m**2 - m + 6. Calculate the remainder when z(5) is divided by u.
12
Let c(u) = u**3 + 8*u**2 + 10*u + 23. Let m be c(-7). Suppose -381 = -5*q - m*d, -q + 4*d - 3*d = -79. Calculate the remainder when q is divided by 9.
5
Let f be (-6)/8 + (-285)/(-12). Suppose 6*i + f = -7. Let g(o) = o**2 + o - 3. What is the remainder when 67 is divided by g(i)?
16
Suppose 4*y - 1191 = -359. Calculate the remainder when y is divided by 15.
13
Let p be 2/(-6) + (-5)/((-60)/4). Suppose -v - 2*r + 13 = p, v = 2*r + 2*r - 5. Calculate the remainder when 12 is divided by v.
5
Suppose 255 = 5*u - 3*p, 4*u + 10*p = 5*p + 204. Calculate the remainder when 504 is divided by u.
45
Let q = 812 - 810. Calculate the remainder when 85 is divided by q.
1
Let v = -17 + 19. Suppose 5*u - 146 = -v*j, -u - 4*u = 5*j - 335. Calculate the remainder when j is divided by 22.
19
Let t be (3/((-9)/(-15)))/1. Suppose 4*f + 11 - 19 = 0. Calculate the remainder when ((-32)/(-5))/(f/t) is divided by 6.
4
Let h(c) = c**3 - 35*c**2 - 74*c + 79. Suppose 0 = -0*n - 5*n - b + 85, 3*n = 4*b + 28. What is the remainder when h(37) is divided by n?
15
Let b(q) = -31*q**3 + 3*q**2 + 2*q + 1. Calculate the remainder when b(-1) is divided by 18.
15
Let x(w) = w**3 - 9*w**2 + 10*w - 5. Calculate the remainder when 240 is divided by x(8).
9
Let l = -1607 + 2487. Calculate the remainder when l is divided by 49.
47
Suppose -3*u - 20 = -8*u. Suppose -n + 5*s = 6 - 27, -u*s = -4. What is the remainder when n is divided by 7?
5
Suppose -s - 5*f = 3*s - 253, 2*s - 5*f = 119. Let b = 13 - 8. Suppose -9 - 71 = -b*n. What is the remainder when s is divided by n?
14
Suppose 0 = 4*m + 83 - 111. Suppose 3*j - 6 = -21, -4*z = j - 103. What is the remainder when z is divided by m?
6
Let f(a) = a**2 + 11*a + 5. Let y be f(-11). Let u(r) = r**3 - 8*r**2 + 3*r + 11. Let v be u(y). Let m = -12 - v. What is the remainder when m is divided by 10?
7
Let c be ((-8)/2)/((-2)/107). Suppose 2*l - 24 = -3*y + 4*l, 3*l = -4*y + 15. Calculate the remainder when (-2)/7 - c/(-14) is divided by y.
3
Suppose -3*o - 2*i = -1 - 3, 0 = 4*o + 5*i + 4. Suppose -40 = -p - 4*r, -o*p - 2*r - 12 = -158. Calculate the remainder when 140 is divided by p.
32
Let d = -77 + -38. Calculate the remainder when 42 is divided by 2*(d/(-10) - -1).
17
Let p(u) = -u**2 + 57*u - 198. What is the remainder when 53 is divided by p(53)?
11
Let n(x) = 3*x**2 + x - 1. Suppose 0 = -3*p + 2*y - 2, -3*y = -2*p - 4 + 6. Calculate the remainder when 32 is divided by n(p).
5
Let t = -102 + 233. What is the remainder when t is divided by 44?
43
Let b(d) = -d**3 + 22*d**2 + 17*d + 2. What is the remainder when b(22) is divided by 14?
12
Suppose 0 = 3*b + 4*i + 16, -5*b = 4*i - 0 + 24. Let m(j) = -j + 2. Suppose -5*h + 105 = -0*h. Calculate the remainder when h is divided by m(b).
3
Suppose -145 + 55 = -6*v. What is the remainder when 73 is divided by v?
13
Suppose 8 = 4*z - 28. Let g be 6 + -2 - 9/z. Suppose 0*n - 4*n = -s + 5, -g*n = 3*s - 30. Calculate the remainder when 34 is divided by s.
7
Let u(l) = -l**3 + 8*l**2 + 21*l + 5. Calculate the remainder when 86 is divided by u(10).
11
Let i = 12 - -66. Suppose 5*h - 52 = i. Suppose q = -b + 7, 4*b + 7*q = 4*q + 30. Calculate the remainder when h is divided by b.
8
Let s(w) = 5 + 13 + w**2 - 6 - w + 7*w. Let k(h) = h**2 + 6*h + 12. Let d(a) = -4*k(a) + 5*s(a). What is the remainder when d(-5) is divided by 3?
1
Suppose 2*b + 253 + 9 = 3*a, 0 = 4*a - b - 341. Calculate the remainder when 503 is divided by a.
83
Let w = 147 + -63. Suppose 0 = -2*p + 6 + 38. What is the remainder when w is divided by p?
18
Let k(a) = -a**3 - 9*a**2 - 2*a - 4. Let t = -15 + 6. Let j(d) = 22*d - 3. What is the remainder when j(2) is divided by k(t)?
13
Suppose 0 = -2*j + 6*j + 24. Let w be (2/(-3))/(j/864). Suppose -46 - w = -2*p. Calculate the remainder when p is divided by 24.
23
Let j = 2 - 5. Suppose -51 = -81*x + 78*x. Let b = x + j. What is the remainder when 27 is divided by b?
13
Let m(r) = 8*r - 1. Let k = 10 + -7. What is the remainder when (-9)/((-84)/20 - -4) is divided by m(k)?
22
Let d(j) = 17*j**2 + 3*j + 3. Let l(w) = w**3 - 2*w**2 - 10*w + 7. Let i be l(4). What is the remainder when 84 is divided by d(i)?
16
Suppose -4*z + 17*z = 7891. Calculate the remainder when z is divided by 17.
12
What is the remainder when 55 is divided by (-28)/(1*(-4 - 1) + 3)?
13
Suppose 0 = -26*k + 33*k - 189. Calculate the remainder when k is divided by 16.
11
Suppose -b - 38 = 6. Let p = -52 - -51. What is the remainder when 30 is divided by b/8*2/p?
8
Suppose -10*n = -153 - 177. What is the remainder when n is divided by 9?
6
Let c = -143 - -150. Calculate the remainder when 46 is divided by c.
4
Let h = 43 - 15. Calculate the remainder when h is divided by 14.
0
What is the remainder when 2/5 - 64459/(-365) is divided by 45?
42
Suppose 251 = 9*t - 19. Calculate the remainder when 269 is divided by t.
29
Let n = 571 - 97. Calculate the remainder when n is divided by 16.
10
Let o(w) be the third derivative of -w**4/12 - 4*w**3 + 24*w**2. What is the remainder when o(-17) is divided by 6?
4
Calculate the remainder when 26/((-13)/(-11) - (-40)/(-220)) is divided by 7.
5
Let n(o) = o**3 - 6*o**2 + 2*o + 4. Let d = 21 + -15. Suppose 5*i + 699 = 709, 134 = 3*f + i. Calculate the remainder when f is divided by n(d).
12
Let k = 718 + -676. Calculate the remainder when 123 is divided by k.
39
Let n = -76 + 80. Let i(a) = 2*a**2 + 3*a - 19. What is the remainder when 248 is divided by i(n)?
23
Suppose 5*u + 30 = v, -7*v + 2*u = -4*v - 25. Suppose -c = 4*x - 193, -v*x + 31 = -c + 197. Calculate the remainder when c is divided by 14.
13
Suppose -3*m - 72 = -4*y - 24, -3 = y. Let i = 3 - m. What is the remainder when i is divided by 16 + (-6)/2 + 0?
10
Suppose -3114 = 38*z - 56*z. Calculate the remainder when 181 is divided by z.
8
Suppose 4*j + 29 = 3*x, -x - 3*j - 2 = -2*j. Suppose k + 5*t - 56 = -k, -93 = -x*k - 3*t. What is the remainder when 131 is divided by k?
32
Suppose 7*p - 36 - 20 = 0. Let x(n) = -8*n + 18. What is the remainder when x(0) is divided by p?
2
Suppose 0 = -3*t - 27 + 12. Let u = t - -19. What is the remainder when 55 is divided by u?
13
Let c(f) = -f**3 + 4*f**2 + 8*f + 2. Suppose 0 = 54*k - 57*k + 15. Calculate the remainder when 29 is divided by c(k).
12
Suppose v - 5*v - 10 = -2*x, -x - v + 8 = 0. Let m = -1778 + 1783. Calculate the remainder when x is divided by m.
2
Let w = 58 + -58. What is the remainder when (2/(-8))/(w - (-1)/(-124)) is divided by 17?
14
Suppose 0 = 4*z + 4*s - 804, s + 109 = 4*z - 670. What is the remainder when z is divided by 57?
25
Let v(z) = -z**2 - z - 8. Let q be v(-4). What is the remainder when 16 is divided by q/2*(-14 + 13)?
6
Let x(h) = -h. Let k be x(3). What is the remainder when (-29)/(k/3) - 2 is divided by 7?
6
Let k(t) = -t**2 - 28*t - 47. Let w be k(-18). Suppose 4*p = -3*p + w. What is the remainder when 70 is divided by p?
13
Let y be (36/6)/(3/32). Suppose 0 = -5*v + v + y. Calculate the remainder when 30 is divided by v.
14
Let l = 1 - 0. Suppose f - l + 6 = 0, -5*v = 2*f - 5. Suppose 4*m + 6 = 2*o, -o + 15 = v*m - 2*m. Calculate the remainder when o is divided by 3.
2
Let a be 2 - (-1)/(4/(-160)). Let i = -31 - a. Calculate the remainder when (-870)/(-105) + (-2)/i is divided by 3.
2
Let n be 61*(-2 - 0)/(-2). Let u = n - 53. What is the remainder when 14 is divided by u?
6
Let g = 24 - -3. Let i = 29 - g. Suppose 2*m + 5*o - 12 - 25 = 0, 4*m + i*o - 98 = 0. Calculate the remainder when 77 is divided by m.
25
Let q(w) = -81*w - 556. What is the remainder when q(-12) is divided by 105?
101
Let r = 38 - 35. Suppose 72 = d + d + 3*q, -115 = -r*d - q. 